{"id":83,"date":"2024-06-22T16:21:27","date_gmt":"2024-06-22T14:21:27","guid":{"rendered":"https:\/\/www.chaletlepetitcoeur.fr\/?page_id=83"},"modified":"2025-01-02T18:43:40","modified_gmt":"2025-01-02T17:43:40","slug":"reservations","status":"publish","type":"page","link":"https:\/\/www.chaletlepetitcoeur.fr\/index.php\/reservations\/","title":{"rendered":"R\u00e9servations"},"content":{"rendered":"\n<h2 class=\"wp-block-heading\">Pour r\u00e9server<\/h2>\n\n\n\n<p>Vous avez un coup de c\u0153ur ? rendez vous sur votre site favori :<\/p>\n\n\n\n<div class=\"wp-block-group is-layout-grid wp-container-core-group-is-layout-478b6e6b wp-block-group-is-layout-grid\">\n<figure class=\"wp-block-image size-full wp-container-content-69bc4bdf\"><a href=\"https:\/\/www.airbnb.fr\/rooms\/1264945264757340369?viralityEntryPoint=1&amp;s=76\" target=\"_blank\" rel=\" noreferrer noopener\"><img data-recalc-dims=\"1\" loading=\"lazy\" decoding=\"async\" width=\"225\" height=\"225\" data-attachment-id=\"259\" data-permalink=\"https:\/\/www.chaletlepetitcoeur.fr\/index.php\/reservations\/airbnb2-3\/\" data-orig-file=\"https:\/\/i0.wp.com\/www.chaletlepetitcoeur.fr\/wp-content\/uploads\/2025\/01\/airbnb2-1.png?fit=225%2C225&amp;ssl=1\" data-orig-size=\"225,225\" data-comments-opened=\"1\" data-image-meta=\"{&quot;aperture&quot;:&quot;0&quot;,&quot;credit&quot;:&quot;&quot;,&quot;camera&quot;:&quot;&quot;,&quot;caption&quot;:&quot;&quot;,&quot;created_timestamp&quot;:&quot;0&quot;,&quot;copyright&quot;:&quot;&quot;,&quot;focal_length&quot;:&quot;0&quot;,&quot;iso&quot;:&quot;0&quot;,&quot;shutter_speed&quot;:&quot;0&quot;,&quot;title&quot;:&quot;&quot;,&quot;orientation&quot;:&quot;0&quot;}\" data-image-title=\"airbnb2\" data-image-description=\"\" data-image-caption=\"\" data-medium-file=\"https:\/\/i0.wp.com\/www.chaletlepetitcoeur.fr\/wp-content\/uploads\/2025\/01\/airbnb2-1.png?fit=225%2C225&amp;ssl=1\" data-large-file=\"https:\/\/i0.wp.com\/www.chaletlepetitcoeur.fr\/wp-content\/uploads\/2025\/01\/airbnb2-1.png?fit=225%2C225&amp;ssl=1\" src=\"https:\/\/i0.wp.com\/www.chaletlepetitcoeur.fr\/wp-content\/uploads\/2025\/01\/airbnb2-1.png?resize=225%2C225&#038;ssl=1\" alt=\"\" class=\"wp-image-259\" srcset=\"https:\/\/i0.wp.com\/www.chaletlepetitcoeur.fr\/wp-content\/uploads\/2025\/01\/airbnb2-1.png?w=225&amp;ssl=1 225w, https:\/\/i0.wp.com\/www.chaletlepetitcoeur.fr\/wp-content\/uploads\/2025\/01\/airbnb2-1.png?resize=150%2C150&amp;ssl=1 150w\" sizes=\"auto, (max-width: 225px) 100vw, 225px\" \/><\/a><\/figure>\n\n\n\n<figure class=\"wp-block-image size-full\"><a href=\"https:\/\/travel.hostnfly.com\/fr\/rentals\/607522-chalet-avec-vue-sur-la-vallee-et-terrasse-a-xonrupt-longemer?adults=2&amp;checkin=2024-10-25&amp;checkout=2024-10-27&amp;currency=EUR&amp;rentals_search_id=4df33164-3454-b302-e9a2-f0be5e5e27e1\" target=\"_blank\" rel=\" noreferrer noopener\"><img data-recalc-dims=\"1\" loading=\"lazy\" decoding=\"async\" width=\"225\" height=\"225\" data-attachment-id=\"255\" data-permalink=\"https:\/\/www.chaletlepetitcoeur.fr\/index.php\/reservations\/hostnfly-2\/\" data-orig-file=\"https:\/\/i0.wp.com\/www.chaletlepetitcoeur.fr\/wp-content\/uploads\/2025\/01\/hostnfly.png?fit=225%2C225&amp;ssl=1\" data-orig-size=\"225,225\" data-comments-opened=\"1\" data-image-meta=\"{&quot;aperture&quot;:&quot;0&quot;,&quot;credit&quot;:&quot;&quot;,&quot;camera&quot;:&quot;&quot;,&quot;caption&quot;:&quot;&quot;,&quot;created_timestamp&quot;:&quot;0&quot;,&quot;copyright&quot;:&quot;&quot;,&quot;focal_length&quot;:&quot;0&quot;,&quot;iso&quot;:&quot;0&quot;,&quot;shutter_speed&quot;:&quot;0&quot;,&quot;title&quot;:&quot;&quot;,&quot;orientation&quot;:&quot;0&quot;}\" data-image-title=\"hostnfly\" data-image-description=\"\" data-image-caption=\"\" data-medium-file=\"https:\/\/i0.wp.com\/www.chaletlepetitcoeur.fr\/wp-content\/uploads\/2025\/01\/hostnfly.png?fit=225%2C225&amp;ssl=1\" data-large-file=\"https:\/\/i0.wp.com\/www.chaletlepetitcoeur.fr\/wp-content\/uploads\/2025\/01\/hostnfly.png?fit=225%2C225&amp;ssl=1\" src=\"https:\/\/i0.wp.com\/www.chaletlepetitcoeur.fr\/wp-content\/uploads\/2025\/01\/hostnfly.png?resize=225%2C225&#038;ssl=1\" alt=\"\" class=\"wp-image-255\" srcset=\"https:\/\/i0.wp.com\/www.chaletlepetitcoeur.fr\/wp-content\/uploads\/2025\/01\/hostnfly.png?w=225&amp;ssl=1 225w, https:\/\/i0.wp.com\/www.chaletlepetitcoeur.fr\/wp-content\/uploads\/2025\/01\/hostnfly.png?resize=150%2C150&amp;ssl=1 150w\" sizes=\"auto, (max-width: 225px) 100vw, 225px\" \/><\/a><\/figure>\n\n\n\n<figure class=\"wp-block-image size-full\"><a href=\"https:\/\/www.booking.com\/hotel\/fr\/chalet-with-valley-view-and-terrace.fr.html?label=gen173nr-1BCAsoTUIjY2hhbGV0LXdpdGgtdmFsbGV5LXZpZXctYW5kLXRlcnJhY2VIM1gEaE2IAQGYAQ24ARjIAQzYAQHoAQGIAgGoAgS4Ap726LgGwAIB0gIkZTI1ZGZlYjAtNTY4Ni00OWUwLTgxZTUtZDRmMTFiYWUyNjQx2AIF4AIB&amp;sid=a71fc4d1db75679eebc13d8553fc4f12&amp;dist=0&amp;keep_landing=1&amp;sb_price_type=total&amp;type=total&amp;\" target=\"_blank\" rel=\" noreferrer noopener\"><img data-recalc-dims=\"1\" loading=\"lazy\" decoding=\"async\" width=\"225\" height=\"225\" data-attachment-id=\"256\" data-permalink=\"https:\/\/www.chaletlepetitcoeur.fr\/index.php\/reservations\/booking-2\/\" data-orig-file=\"https:\/\/i0.wp.com\/www.chaletlepetitcoeur.fr\/wp-content\/uploads\/2025\/01\/booking.png?fit=225%2C225&amp;ssl=1\" data-orig-size=\"225,225\" data-comments-opened=\"1\" data-image-meta=\"{&quot;aperture&quot;:&quot;0&quot;,&quot;credit&quot;:&quot;&quot;,&quot;camera&quot;:&quot;&quot;,&quot;caption&quot;:&quot;&quot;,&quot;created_timestamp&quot;:&quot;0&quot;,&quot;copyright&quot;:&quot;&quot;,&quot;focal_length&quot;:&quot;0&quot;,&quot;iso&quot;:&quot;0&quot;,&quot;shutter_speed&quot;:&quot;0&quot;,&quot;title&quot;:&quot;&quot;,&quot;orientation&quot;:&quot;0&quot;}\" data-image-title=\"booking\" data-image-description=\"\" data-image-caption=\"\" data-medium-file=\"https:\/\/i0.wp.com\/www.chaletlepetitcoeur.fr\/wp-content\/uploads\/2025\/01\/booking.png?fit=225%2C225&amp;ssl=1\" data-large-file=\"https:\/\/i0.wp.com\/www.chaletlepetitcoeur.fr\/wp-content\/uploads\/2025\/01\/booking.png?fit=225%2C225&amp;ssl=1\" src=\"https:\/\/i0.wp.com\/www.chaletlepetitcoeur.fr\/wp-content\/uploads\/2025\/01\/booking.png?resize=225%2C225&#038;ssl=1\" alt=\"\" class=\"wp-image-256\" srcset=\"https:\/\/i0.wp.com\/www.chaletlepetitcoeur.fr\/wp-content\/uploads\/2025\/01\/booking.png?w=225&amp;ssl=1 225w, https:\/\/i0.wp.com\/www.chaletlepetitcoeur.fr\/wp-content\/uploads\/2025\/01\/booking.png?resize=150%2C150&amp;ssl=1 150w\" sizes=\"auto, (max-width: 225px) 100vw, 225px\" \/><\/a><\/figure>\n\n\n\n<figure class=\"wp-block-image size-full\"><a href=\"https:\/\/www.abritel.fr\/location-vacances\/p2477370\" target=\"_blank\" rel=\" noreferrer noopener\"><img data-recalc-dims=\"1\" loading=\"lazy\" decoding=\"async\" width=\"225\" height=\"225\" data-attachment-id=\"260\" data-permalink=\"https:\/\/www.chaletlepetitcoeur.fr\/index.php\/reservations\/abritel-2\/\" data-orig-file=\"https:\/\/i0.wp.com\/www.chaletlepetitcoeur.fr\/wp-content\/uploads\/2025\/01\/Abritel.png?fit=225%2C225&amp;ssl=1\" data-orig-size=\"225,225\" data-comments-opened=\"1\" data-image-meta=\"{&quot;aperture&quot;:&quot;0&quot;,&quot;credit&quot;:&quot;&quot;,&quot;camera&quot;:&quot;&quot;,&quot;caption&quot;:&quot;&quot;,&quot;created_timestamp&quot;:&quot;0&quot;,&quot;copyright&quot;:&quot;&quot;,&quot;focal_length&quot;:&quot;0&quot;,&quot;iso&quot;:&quot;0&quot;,&quot;shutter_speed&quot;:&quot;0&quot;,&quot;title&quot;:&quot;&quot;,&quot;orientation&quot;:&quot;0&quot;}\" data-image-title=\"Abritel\" data-image-description=\"\" data-image-caption=\"\" data-medium-file=\"https:\/\/i0.wp.com\/www.chaletlepetitcoeur.fr\/wp-content\/uploads\/2025\/01\/Abritel.png?fit=225%2C225&amp;ssl=1\" data-large-file=\"https:\/\/i0.wp.com\/www.chaletlepetitcoeur.fr\/wp-content\/uploads\/2025\/01\/Abritel.png?fit=225%2C225&amp;ssl=1\" src=\"https:\/\/i0.wp.com\/www.chaletlepetitcoeur.fr\/wp-content\/uploads\/2025\/01\/Abritel.png?resize=225%2C225&#038;ssl=1\" alt=\"\" class=\"wp-image-260\" srcset=\"https:\/\/i0.wp.com\/www.chaletlepetitcoeur.fr\/wp-content\/uploads\/2025\/01\/Abritel.png?w=225&amp;ssl=1 225w, https:\/\/i0.wp.com\/www.chaletlepetitcoeur.fr\/wp-content\/uploads\/2025\/01\/Abritel.png?resize=150%2C150&amp;ssl=1 150w\" sizes=\"auto, (max-width: 225px) 100vw, 225px\" \/><\/a><\/figure>\n\n\n\n<p class=\"has-text-align-center\"><br><br>Rappel : <br>Nos amis les animaux \ud83d\udc36 \ud83d\ude3a ne sont pas admis<\/p>\n\n\n\n<figure class=\"wp-block-image size-full\"><a href=\"https:\/\/www.maeva.com\/fr-fr\/pages\/fiche.php?id=1641581\" target=\"_blank\" rel=\" noreferrer noopener\"><img data-recalc-dims=\"1\" loading=\"lazy\" decoding=\"async\" width=\"208\" height=\"242\" data-attachment-id=\"261\" data-permalink=\"https:\/\/www.chaletlepetitcoeur.fr\/index.php\/reservations\/maeva-2\/\" data-orig-file=\"https:\/\/i0.wp.com\/www.chaletlepetitcoeur.fr\/wp-content\/uploads\/2025\/01\/maeva-1.png?fit=208%2C242&amp;ssl=1\" data-orig-size=\"208,242\" data-comments-opened=\"1\" data-image-meta=\"{&quot;aperture&quot;:&quot;0&quot;,&quot;credit&quot;:&quot;&quot;,&quot;camera&quot;:&quot;&quot;,&quot;caption&quot;:&quot;&quot;,&quot;created_timestamp&quot;:&quot;0&quot;,&quot;copyright&quot;:&quot;&quot;,&quot;focal_length&quot;:&quot;0&quot;,&quot;iso&quot;:&quot;0&quot;,&quot;shutter_speed&quot;:&quot;0&quot;,&quot;title&quot;:&quot;&quot;,&quot;orientation&quot;:&quot;0&quot;}\" data-image-title=\"maeva\" data-image-description=\"\" data-image-caption=\"\" data-medium-file=\"https:\/\/i0.wp.com\/www.chaletlepetitcoeur.fr\/wp-content\/uploads\/2025\/01\/maeva-1.png?fit=208%2C242&amp;ssl=1\" data-large-file=\"https:\/\/i0.wp.com\/www.chaletlepetitcoeur.fr\/wp-content\/uploads\/2025\/01\/maeva-1.png?fit=208%2C242&amp;ssl=1\" src=\"https:\/\/i0.wp.com\/www.chaletlepetitcoeur.fr\/wp-content\/uploads\/2025\/01\/maeva-1.png?resize=208%2C242&#038;ssl=1\" alt=\"\" class=\"wp-image-261\"\/><\/a><\/figure>\n<\/div>\n\n\n\n<h4 class=\"wp-block-heading has-text-align-left\">Le Chalet le Petit C\u0153ur fait confiance \u00e0 HostnFly !<\/h4>\n\n\n\n<div class=\"wp-block-group is-content-justification-center is-nowrap is-layout-flex wp-container-core-group-is-layout-23441af8 wp-block-group-is-layout-flex\">\n<p class=\"has-text-align-center\">Nous avons confi\u00e9 la gestion du chalet \u00e0 <a href=\"https:\/\/laconciergeriedegerardmer.fr\/\" target=\"_blank\" rel=\"noreferrer noopener\">La Conciergerie de G\u00e9rardmer<\/a>, correspondant local Airbnb qui s\u2019occupe de tout ! Une question, un renseignement ? C\u2019est avec Yves principalement que vous communiquerez, n\u2019h\u00e9sitez pas \u00e0 le contacter, il est tr\u00e8s r\u00e9actif !<\/p>\n\n\n\n<div class=\"wp-block-jetpack-send-a-message\">\n<div class=\"wp-block-jetpack-whatsapp-button is-color-dark has-no-text\"><a class=\"whatsapp-block__button\" href=\"https:\/\/api.whatsapp.com\/send?phone=33608281097&amp;text=Bonjour%2C%20j%E2%80%99ai%20trouv%C3%A9%20vos%20informations%20WhatsApp%20sur%20votre%20site%20Web.\" style=\"background-color:#25D366;color:#fff\" target=\"_self\" rel=\"noopener noreferrer\"><\/a><\/div>\n<\/div>\n<\/div>\n","protected":false},"excerpt":{"rendered":"<p>Pour r\u00e9server Vous avez un coup de c\u0153ur ? rendez vous sur votre site favori : Rappel : Nos amis les animaux \ud83d\udc36 \ud83d\ude3a ne sont pas admis Le Chalet le Petit C\u0153ur fait confiance \u00e0 HostnFly ! Nous avons confi\u00e9 la gestion du chalet \u00e0 La Conciergerie de G\u00e9rardmer, correspondant local Airbnb qui s\u2019occupe [&hellip;]<\/p>\n","protected":false},"author":1,"featured_media":0,"parent":0,"menu_order":0,"comment_status":"closed","ping_status":"closed","template":"","meta":{"footnotes":""},"class_list":["post-83","page","type-page","status-publish","hentry"],"yoast_head":"<!-- This site is optimized with the Yoast SEO plugin v27.1.1 - https:\/\/yoast.com\/product\/yoast-seo-wordpress\/ -->\n<title>R\u00e9servations - Chalet Le Petit Coeur<\/title>\n<meta name=\"description\" content=\"D\u00e9couvrez le chalet et contactez nous pour votre r\u00e9servation ! Location de meubl\u00e9 de tourisme \u00e0 Xonrupt Longemer F-88400\" \/>\n<meta name=\"robots\" content=\"index, follow, max-snippet:-1, max-image-preview:large, max-video-preview:-1\" \/>\n<link rel=\"canonical\" href=\"https:\/\/www.chaletlepetitcoeur.fr\/index.php\/reservations\/\" \/>\n<meta property=\"og:locale\" content=\"fr_FR\" \/>\n<meta property=\"og:type\" content=\"article\" \/>\n<meta property=\"og:title\" content=\"R\u00e9servations - Chalet Le Petit Coeur\" \/>\n<meta property=\"og:description\" content=\"D\u00e9couvrez le chalet et contactez nous pour votre r\u00e9servation ! Location de meubl\u00e9 de tourisme \u00e0 Xonrupt Longemer F-88400\" \/>\n<meta property=\"og:url\" content=\"https:\/\/www.chaletlepetitcoeur.fr\/index.php\/reservations\/\" \/>\n<meta property=\"og:site_name\" content=\"Chalet Le Petit Coeur\" \/>\n<meta property=\"article:publisher\" content=\"https:\/\/www.facebook.com\/profile.php?id=100086382145338\" \/>\n<meta property=\"article:modified_time\" content=\"2025-01-02T17:43:40+00:00\" \/>\n<meta property=\"og:image\" content=\"https:\/\/www.chaletlepetitcoeur.fr\/wp-content\/uploads\/2025\/01\/airbnb2-1.png\" \/>\n<meta name=\"twitter:card\" content=\"summary_large_image\" \/>\n<meta name=\"twitter:label1\" content=\"Dur\u00e9e de lecture estim\u00e9e\" \/>\n\t<meta name=\"twitter:data1\" content=\"2 minutes\" \/>\n<script type=\"application\/ld+json\" class=\"yoast-schema-graph\">{\"@context\":\"https:\/\/schema.org\",\"@graph\":[{\"@type\":\"WebPage\",\"@id\":\"https:\/\/www.chaletlepetitcoeur.fr\/index.php\/reservations\/\",\"url\":\"https:\/\/www.chaletlepetitcoeur.fr\/index.php\/reservations\/\",\"name\":\"R\u00e9servations - Chalet Le Petit Coeur\",\"isPartOf\":{\"@id\":\"https:\/\/www.chaletlepetitcoeur.fr\/#website\"},\"primaryImageOfPage\":{\"@id\":\"https:\/\/www.chaletlepetitcoeur.fr\/index.php\/reservations\/#primaryimage\"},\"image\":{\"@id\":\"https:\/\/www.chaletlepetitcoeur.fr\/index.php\/reservations\/#primaryimage\"},\"thumbnailUrl\":\"https:\/\/www.chaletlepetitcoeur.fr\/wp-content\/uploads\/2025\/01\/airbnb2-1.png\",\"datePublished\":\"2024-06-22T14:21:27+00:00\",\"dateModified\":\"2025-01-02T17:43:40+00:00\",\"description\":\"D\u00e9couvrez le chalet et contactez nous pour votre r\u00e9servation ! Location de meubl\u00e9 de tourisme \u00e0 Xonrupt Longemer F-88400\",\"breadcrumb\":{\"@id\":\"https:\/\/www.chaletlepetitcoeur.fr\/index.php\/reservations\/#breadcrumb\"},\"inLanguage\":\"fr-FR\",\"potentialAction\":[{\"@type\":\"ReadAction\",\"target\":[\"https:\/\/www.chaletlepetitcoeur.fr\/index.php\/reservations\/\"]}]},{\"@type\":\"ImageObject\",\"inLanguage\":\"fr-FR\",\"@id\":\"https:\/\/www.chaletlepetitcoeur.fr\/index.php\/reservations\/#primaryimage\",\"url\":\"https:\/\/i0.wp.com\/www.chaletlepetitcoeur.fr\/wp-content\/uploads\/2025\/01\/airbnb2-1.png?fit=225%2C225&ssl=1\",\"contentUrl\":\"https:\/\/i0.wp.com\/www.chaletlepetitcoeur.fr\/wp-content\/uploads\/2025\/01\/airbnb2-1.png?fit=225%2C225&ssl=1\",\"width\":225,\"height\":225},{\"@type\":\"BreadcrumbList\",\"@id\":\"https:\/\/www.chaletlepetitcoeur.fr\/index.php\/reservations\/#breadcrumb\",\"itemListElement\":[{\"@type\":\"ListItem\",\"position\":1,\"name\":\"Accueil\",\"item\":\"https:\/\/www.chaletlepetitcoeur.fr\/\"},{\"@type\":\"ListItem\",\"position\":2,\"name\":\"R\u00e9servations\"}]},{\"@type\":\"WebSite\",\"@id\":\"https:\/\/www.chaletlepetitcoeur.fr\/#website\",\"url\":\"https:\/\/www.chaletlepetitcoeur.fr\/\",\"name\":\"Chalet Le Petit Coeur\",\"description\":\"Location de vacances au c\u0153ur des Vosges\",\"publisher\":{\"@id\":\"https:\/\/www.chaletlepetitcoeur.fr\/#organization\"},\"potentialAction\":[{\"@type\":\"SearchAction\",\"target\":{\"@type\":\"EntryPoint\",\"urlTemplate\":\"https:\/\/www.chaletlepetitcoeur.fr\/?s={search_term_string}\"},\"query-input\":{\"@type\":\"PropertyValueSpecification\",\"valueRequired\":true,\"valueName\":\"search_term_string\"}}],\"inLanguage\":\"fr-FR\"},{\"@type\":\"Organization\",\"@id\":\"https:\/\/www.chaletlepetitcoeur.fr\/#organization\",\"name\":\"Chalet Le Petit Coeur\",\"alternateName\":\"Jelsie\",\"url\":\"https:\/\/www.chaletlepetitcoeur.fr\/\",\"logo\":{\"@type\":\"ImageObject\",\"inLanguage\":\"fr-FR\",\"@id\":\"https:\/\/www.chaletlepetitcoeur.fr\/#\/schema\/logo\/image\/\",\"url\":\"https:\/\/i0.wp.com\/www.chaletlepetitcoeur.fr\/wp-content\/uploads\/2024\/06\/logo_chalet.jpg?fit=349%2C232&ssl=1\",\"contentUrl\":\"https:\/\/i0.wp.com\/www.chaletlepetitcoeur.fr\/wp-content\/uploads\/2024\/06\/logo_chalet.jpg?fit=349%2C232&ssl=1\",\"width\":349,\"height\":232,\"caption\":\"Chalet Le Petit Coeur\"},\"image\":{\"@id\":\"https:\/\/www.chaletlepetitcoeur.fr\/#\/schema\/logo\/image\/\"},\"sameAs\":[\"https:\/\/www.facebook.com\/profile.php?id=100086382145338\"]}]}<\/script>\n<!-- \/ Yoast SEO plugin. -->","yoast_head_json":{"title":"R\u00e9servations - Chalet Le Petit Coeur","description":"D\u00e9couvrez le chalet et contactez nous pour votre r\u00e9servation ! Location de meubl\u00e9 de tourisme \u00e0 Xonrupt Longemer F-88400","robots":{"index":"index","follow":"follow","max-snippet":"max-snippet:-1","max-image-preview":"max-image-preview:large","max-video-preview":"max-video-preview:-1"},"canonical":"https:\/\/www.chaletlepetitcoeur.fr\/index.php\/reservations\/","og_locale":"fr_FR","og_type":"article","og_title":"R\u00e9servations - Chalet Le Petit Coeur","og_description":"D\u00e9couvrez le chalet et contactez nous pour votre r\u00e9servation ! Location de meubl\u00e9 de tourisme \u00e0 Xonrupt Longemer F-88400","og_url":"https:\/\/www.chaletlepetitcoeur.fr\/index.php\/reservations\/","og_site_name":"Chalet Le Petit Coeur","article_publisher":"https:\/\/www.facebook.com\/profile.php?id=100086382145338","article_modified_time":"2025-01-02T17:43:40+00:00","og_image":[{"url":"https:\/\/www.chaletlepetitcoeur.fr\/wp-content\/uploads\/2025\/01\/airbnb2-1.png","type":"","width":"","height":""}],"twitter_card":"summary_large_image","twitter_misc":{"Dur\u00e9e de lecture estim\u00e9e":"2 minutes"},"schema":{"@context":"https:\/\/schema.org","@graph":[{"@type":"WebPage","@id":"https:\/\/www.chaletlepetitcoeur.fr\/index.php\/reservations\/","url":"https:\/\/www.chaletlepetitcoeur.fr\/index.php\/reservations\/","name":"R\u00e9servations - Chalet Le Petit Coeur","isPartOf":{"@id":"https:\/\/www.chaletlepetitcoeur.fr\/#website"},"primaryImageOfPage":{"@id":"https:\/\/www.chaletlepetitcoeur.fr\/index.php\/reservations\/#primaryimage"},"image":{"@id":"https:\/\/www.chaletlepetitcoeur.fr\/index.php\/reservations\/#primaryimage"},"thumbnailUrl":"https:\/\/www.chaletlepetitcoeur.fr\/wp-content\/uploads\/2025\/01\/airbnb2-1.png","datePublished":"2024-06-22T14:21:27+00:00","dateModified":"2025-01-02T17:43:40+00:00","description":"D\u00e9couvrez le chalet et contactez nous pour votre r\u00e9servation ! Location de meubl\u00e9 de tourisme \u00e0 Xonrupt Longemer F-88400","breadcrumb":{"@id":"https:\/\/www.chaletlepetitcoeur.fr\/index.php\/reservations\/#breadcrumb"},"inLanguage":"fr-FR","potentialAction":[{"@type":"ReadAction","target":["https:\/\/www.chaletlepetitcoeur.fr\/index.php\/reservations\/"]}]},{"@type":"ImageObject","inLanguage":"fr-FR","@id":"https:\/\/www.chaletlepetitcoeur.fr\/index.php\/reservations\/#primaryimage","url":"https:\/\/i0.wp.com\/www.chaletlepetitcoeur.fr\/wp-content\/uploads\/2025\/01\/airbnb2-1.png?fit=225%2C225&ssl=1","contentUrl":"https:\/\/i0.wp.com\/www.chaletlepetitcoeur.fr\/wp-content\/uploads\/2025\/01\/airbnb2-1.png?fit=225%2C225&ssl=1","width":225,"height":225},{"@type":"BreadcrumbList","@id":"https:\/\/www.chaletlepetitcoeur.fr\/index.php\/reservations\/#breadcrumb","itemListElement":[{"@type":"ListItem","position":1,"name":"Accueil","item":"https:\/\/www.chaletlepetitcoeur.fr\/"},{"@type":"ListItem","position":2,"name":"R\u00e9servations"}]},{"@type":"WebSite","@id":"https:\/\/www.chaletlepetitcoeur.fr\/#website","url":"https:\/\/www.chaletlepetitcoeur.fr\/","name":"Chalet Le Petit Coeur","description":"Location de vacances au c\u0153ur des Vosges","publisher":{"@id":"https:\/\/www.chaletlepetitcoeur.fr\/#organization"},"potentialAction":[{"@type":"SearchAction","target":{"@type":"EntryPoint","urlTemplate":"https:\/\/www.chaletlepetitcoeur.fr\/?s={search_term_string}"},"query-input":{"@type":"PropertyValueSpecification","valueRequired":true,"valueName":"search_term_string"}}],"inLanguage":"fr-FR"},{"@type":"Organization","@id":"https:\/\/www.chaletlepetitcoeur.fr\/#organization","name":"Chalet Le Petit Coeur","alternateName":"Jelsie","url":"https:\/\/www.chaletlepetitcoeur.fr\/","logo":{"@type":"ImageObject","inLanguage":"fr-FR","@id":"https:\/\/www.chaletlepetitcoeur.fr\/#\/schema\/logo\/image\/","url":"https:\/\/i0.wp.com\/www.chaletlepetitcoeur.fr\/wp-content\/uploads\/2024\/06\/logo_chalet.jpg?fit=349%2C232&ssl=1","contentUrl":"https:\/\/i0.wp.com\/www.chaletlepetitcoeur.fr\/wp-content\/uploads\/2024\/06\/logo_chalet.jpg?fit=349%2C232&ssl=1","width":349,"height":232,"caption":"Chalet Le Petit Coeur"},"image":{"@id":"https:\/\/www.chaletlepetitcoeur.fr\/#\/schema\/logo\/image\/"},"sameAs":["https:\/\/www.facebook.com\/profile.php?id=100086382145338"]}]}},"jetpack_sharing_enabled":true,"_links":{"self":[{"href":"https:\/\/www.chaletlepetitcoeur.fr\/index.php\/wp-json\/wp\/v2\/pages\/83","targetHints":{"allow":["GET"]}}],"collection":[{"href":"https:\/\/www.chaletlepetitcoeur.fr\/index.php\/wp-json\/wp\/v2\/pages"}],"about":[{"href":"https:\/\/www.chaletlepetitcoeur.fr\/index.php\/wp-json\/wp\/v2\/types\/page"}],"author":[{"embeddable":true,"href":"https:\/\/www.chaletlepetitcoeur.fr\/index.php\/wp-json\/wp\/v2\/users\/1"}],"replies":[{"embeddable":true,"href":"https:\/\/www.chaletlepetitcoeur.fr\/index.php\/wp-json\/wp\/v2\/comments?post=83"}],"version-history":[{"count":17,"href":"https:\/\/www.chaletlepetitcoeur.fr\/index.php\/wp-json\/wp\/v2\/pages\/83\/revisions"}],"predecessor-version":[{"id":262,"href":"https:\/\/www.chaletlepetitcoeur.fr\/index.php\/wp-json\/wp\/v2\/pages\/83\/revisions\/262"}],"wp:attachment":[{"href":"https:\/\/www.chaletlepetitcoeur.fr\/index.php\/wp-json\/wp\/v2\/media?parent=83"}],"curies":[{"name":"wp","href":"https:\/\/api.w.org\/{rel}","templated":true}]}}